or of 280 and w?
20
Let n be 45 - -2 - (-5)/1. What is the greatest common factor of 4 and n?
4
Let a be (-3)/5 - 16744/(-115). Calculate the greatest common factor of a and 15.
5
Suppose 92 = 6*a - 5*a. Let v = a - 44. Suppose 0*y - 288 = -4*y. Calculate the greatest common divisor of y and v.
24
Let n be ((-2)/2)/((-2)/96). Let f be -3 + -6*(-18)/4. Let r be (-4)/((-8)/2)*f. What is the greatest common divisor of r and n?
24
Suppose -3*m + 33 = -21*p + 26*p, 4*m - 3*p = 44. Calculate the greatest common divisor of m and 11.
11
Let s = 69 - 43. Let l be -2 - (-3)/(6/s). Calculate the highest common divisor of 11 and l.
11
Let l be ((-2)/5)/(2/(-10)). Suppose -2*d + 82 = -5*j, 2*j = d + 4*j - 23. Let x = d + -27. Calculate the greatest common divisor of x and l.
2
Suppose -4*m - 144 = -7*m. Let l = -218 + 230. What is the highest common factor of m and l?
12
Let y = 67 - -21. Let u(t) = 3*t - 3. Let b be u(0). Let i be (20 - 8)*(-2)/b. What is the highest common factor of y and i?
8
Let r be (0 + -1)*(-1 + 0). Let a be 4*4*(0 + r). Suppose 21*s = 2430 - 78. Calculate the highest common factor of a and s.
16
Suppose -2*r + 35 = -3*a, -2*r + 30 = 30*a - 32*a. Calculate the highest common factor of r and 110.
10
Let o(m) = -273*m - 868. Let u be o(-13). Calculate the greatest common divisor of u and 7.
7
Let c = 2052 + -1460. Calculate the highest common divisor of 37 and c.
37
Let q = 36 - 10. Suppose 0 = -5*v + 17*v - 468. Calculate the greatest common factor of q and v.
13
Let z(y) = -184*y - 79. Let s be z(-3). Calculate the greatest common divisor of 22 and s.
11
Let z(p) = -4*p + 20. Let l be z(6). Let y be (-464)/(-145) - l/5. What is the highest common factor of 20 and y?
4
Let g(q) = -q**3 - q**2 + 10*q + 9. Let w be g(-6). What is the highest common divisor of w and 86?
43
Suppose -2*s + 4 = 0, -4*s - 516 = -4*m - 92. What is the highest common divisor of 594 and m?
54
Suppose -2*m = -3*t + 6, 0 = 2*t - 8. Suppose 3*z + 19 = l + 92, 2*l + 68 = m*z. Calculate the highest common factor of z and 26.
26
Let u = -727 - -733. What is the highest common factor of u and 498?
6
Suppose 8*v - 4*v = 404. Suppose -3*x + 11 = f + 2*x, -5*f - 2*x + v = 0. What is the greatest common factor of f and 105?
21
Let o(j) = -54*j**2 + 3 + 0*j**3 + j + j**3 + 43*j**2. Let k = 28 - 17. Let g be o(k). Calculate the highest common factor of g and 21.
7
Let t be 10/10*(-1 - -8). Suppose -t*d + 336 = d. Calculate the highest common factor of d and 28.
14
Let i(g) = 17 + 20 - 11 - g**3. Let j be i(0). Let p be (2/((-6)/(-9)))/(24/520). Calculate the highest common factor of j and p.
13
Let c be (-2841)/15 + 3/(-5). Let r = -91 - c. Calculate the highest common factor of 33 and r.
33
Let k = 160 - 76. Let r be (-142)/(-12) + (-2)/(-12). Calculate the highest common divisor of k and r.
12
Let o(s) be the third derivative of 47*s**6/60 - 6*s**2. Let p be o(1). Let l be (-10)/15 - p/(-6). What is the greatest common factor of 165 and l?
15
Let z(l) = 362*l + 2546. Let c be z(-7). Let b = -304 + 508. What is the highest common divisor of b and c?
12
Suppose -5*y + 2*t + 464 = -305, -5*y + 5*t = -775. Calculate the highest common factor of y and 34.
17
Suppose -26*g = -9*g - 5049. What is the greatest common factor of 33 and g?
33
Suppose -5*u - l + 33 = -2*l, -u + l = -9. Let i(s) = s**3 + 9*s**2 + 3*s - 10. Let j be i(-8). Calculate the greatest common divisor of u and j.
6
Let r be (-1)/(-1)*-32*(6 - 133). What is the highest common factor of 16 and r?
16
Let r = 666 - 634. Calculate the greatest common divisor of r and 416.
32
Suppose 3*c = -17*c + 4400. Calculate the highest common factor of 22 and c.
22
Suppose -10*y + 156 = -6*y + 4*v, 4*y - 124 = 4*v. What is the highest common divisor of 125 and y?
5
Let l be 123/6 - ((-72)/16 + 5). Calculate the highest common factor of l and 90.
10
Suppose 3*i - 14 = 5*j, 2*j = 5*i + 13 - 49. Calculate the greatest common factor of i and 88.
8
Let z = 44 + -34. Let s = z - 7. Calculate the greatest common factor of s and 12.
3
Let n(x) = -4*x**2 - 55*x - 2. Let h be n(-7). What is the highest common factor of h and 119?
17
Let t(c) = -c**3 + 6*c**2 + c + 8. Let d be t(6). Suppose -d - 30 = -4*u. Suppose 2*q - u = q. Calculate the greatest common factor of 11 and q.
11
Let z(d) = 159*d - 1699. Let i be z(11). Let y = -1 + 7. Suppose -14 = -2*f + y. What is the highest common divisor of i and f?
10
Suppose j + 0 + 35 = 0. Let r = 46 - j. Calculate the highest common divisor of r and 9.
9
Let t be (-3*3/18)/((-5)/80). What is the highest common factor of t and 56?
8
Suppose 0 = -0*d - 4*d - 8. Let l be d + -2 - (2 + -9). Calculate the greatest common factor of l and 3.
3
Let a(j) = -67*j - 109. Let h be a(-4). Calculate the highest common divisor of h and 3.
3
Let c = -178 + 330. Let z be (c/3 + -4)*3. Calculate the greatest common factor of 20 and z.
20
Let w(d) = 3*d**3 - 2*d**2 + 5*d - 1. Let b be w(4). Let n = -109 + b. Suppose 0 = -69*l + 80*l - 308. Calculate the greatest common factor of l and n.
14
Let m be ((-44)/110)/(1/(-130)). What is the greatest common divisor of 52 and m?
52
Let q = 61 + -51. Suppose 7*l + 174 = q*l. What is the highest common divisor of 145 and l?
29
Suppose 3*n - 9*s + 12*s = 258, 2*s = -5*n + 415. Calculate the greatest common factor of n and 72.
9
Suppose -3*u + 6*d = d - 8, -d = 5*u - 4. Suppose u = -11*j + 199. Let n(t) = t**2 + 7*t + 2. Let c be n(-7). Calculate the greatest common divisor of j and c.
2
Suppose -661 + 256 = -9*l. Calculate the greatest common divisor of 25 and l.
5
Let y = -270 + 291. Calculate the greatest common factor of 483 and y.
21
Suppose 0 = -p + 2*p - 76. Suppose 0 = -2*c + b + p + 13, -4*c + b = -181. Let g = -20 + c. Calculate the greatest common factor of 13 and g.
13
Let i be 4/(1 + 0 - 0). Suppose -900 = -7*z - 5*z. Let q = z + -71. What is the greatest common divisor of i and q?
4
Let t be ((-72)/30)/(2/(-5)). Suppose -1200 = -6*w - t*w. What is the highest common factor of 25 and w?
25
Let i(w) be the third derivative of -w**4/24 - 4*w**3/3 + 2*w**2. Let o = -1 + -8. Let v be i(o). Calculate the highest common factor of v and 7.
1
Let c(y) = 45*y + 14. Let z be c(-8). Let q = -236 - z. What is the highest common factor of q and 10?
10
Let s(q) = -2*q**2 - 22*q - 5. Let a be s(-9). What is the highest common factor of 93 and a?
31
Let v be 315/14*(-20)/6. Let j = -35 - v. Suppose -3*w - 3*p = 2*w - 31, -3*w - p = -17. Calculate the greatest common divisor of j and w.
5
Suppose -3*l = a - 29, a + l = 33 + 2. Let x = 80 - 23. What is the highest common factor of a and x?
19
Suppose 4*g - j = 106, -5*j - 44 = -2*g - 9*j. What is the highest common factor of g and 78?
26
Let p = -1177 - -1193. Calculate the greatest common divisor of p and 416.
16
Suppose -w - 18 = -4*w. Let t be w/(-9) - 10/3. Let h be (-250)/(-4) - 2/t. What is the highest common divisor of 42 and h?
21
Let o be (-46)/(-11) - 10/55. Let f be -1 + (6 - o/2). Suppose -32 = -y + 4*n, -75 - 34 = -4*y - f*n. Calculate the greatest common factor of 7 and y.
7
Suppose -52 = -h - 7. Suppose -40*w + h*w - 80 = 0. Calculate the greatest common divisor of w and 56.
8
Suppose -3*a = 1 + 35. Let t be 2 + (0 - 1) + (a - -41). Let c be 0/(-2) - -6*1. What is the highest common factor of c and t?
6
Let x = -135 + 77. Let t = -54 - x. What is the highest common divisor of 40 and t?
4
Let d = -26 - -201. Let p(s) = -2*s + 13. Let f be p(-6). Calculate the highest common divisor of d and f.
25
Let h(b) = 2*b**2 + 3*b**2 + b + 4 + b**3 - 3 + 2. Let s be h(-4). Let d = 0 + 6. What is the highest common divisor of d and s?
3
Suppose 105 = -144*k + 151*k. What is the greatest common factor of 15 and k?
15
Let g(l) = -5*l + 204. Let u be g(10). What is the highest common factor of 110 and u?
22
Suppose 6*n - 3*l = 2*n + 721, 915 = 5*n - l. What is the highest common divisor of n and 161?
23
Suppose -3*t + 51 = 5*f - 22, -t - 3*f + 19 = 0. What is the greatest common factor of t and 217?
31
Let p(t) = -9*t + 7. Let n(l) = -26*l + 20. Let k(x) = -3*n(x) + 8*p(x). Let o be k(1). What is the highest common divisor of 2 and o?
2
Let p(m) be the second derivative of -m**3/6 + m**2/2 + 13*m. Let c be p(1). Let k be 1 + 